 1639?
149
Calculate the greatest common divisor of 255508 and 220.
44
What is the highest common divisor of 50 and 2308890?
10
Calculate the greatest common factor of 9256 and 3848.
104
What is the greatest common divisor of 584953 and 323?
323
What is the greatest common factor of 4440 and 440520?
120
What is the highest common factor of 4177 and 81?
1
What is the highest common factor of 4187754 and 72?
18
What is the greatest common factor of 182 and 122759?
91
What is the highest common divisor of 548511 and 285?
57
What is the highest common factor of 3009 and 1770?
177
What is the greatest common factor of 13340 and 7430?
10
What is the greatest common factor of 399 and 109554?
57
What is the greatest common factor of 7803 and 1593?
27
Calculate the highest common factor of 141 and 133527.
141
What is the highest common divisor of 245620 and 2900?
20
What is the highest common divisor of 2167 and 638?
11
Calculate the highest common factor of 509 and 966591.
509
What is the greatest common factor of 3320 and 110?
10
What is the greatest common factor of 33 and 3852?
3
What is the greatest common divisor of 170 and 34306?
34
Calculate the highest common divisor of 330284 and 8.
4
What is the greatest common factor of 3962 and 1407?
7
What is the greatest common factor of 251114 and 318?
106
What is the highest common factor of 7659 and 880119?
333
Calculate the highest common divisor of 119423 and 1556.
389
Calculate the highest common factor of 554 and 922.
2
What is the greatest common factor of 6176 and 5983?
193
Calculate the highest common divisor of 14198 and 29312.
458
What is the highest common factor of 8085000 and 308?
308
Calculate the highest common factor of 527192 and 8.
8
What is the highest common divisor of 38304 and 10122?
42
What is the greatest common divisor of 288 and 5163?
3
What is the greatest common factor of 206 and 409322?
206
What is the highest common divisor of 546 and 52206?
42
What is the greatest common factor of 4530 and 1890?
30
Calculate the greatest common divisor of 450 and 29800.
50
What is the greatest common factor of 36322 and 7579?
143
What is the highest common divisor of 165 and 4884?
33
Calculate the highest common divisor of 1221545 and 325.
65
What is the highest common factor of 13843 and 545?
109
Calculate the highest common divisor of 737 and 32093.
67
Calculate the highest common factor of 107780 and 1020.
340
What is the greatest common divisor of 3190 and 6670?
290
Calculate the highest common factor of 878 and 1203299.
439
Calculate the greatest common factor of 50 and 31690.
10
Calculate the highest common factor of 10945 and 20185.
55
What is the highest common factor of 515 and 535291?
103
What is the greatest common divisor of 1390 and 24186?
278
What is the highest common divisor of 15400638 and 1089?
1089
Calculate the highest common factor of 18279 and 213932.
677
What is the greatest common divisor of 54560 and 1860?
620
What is the highest common divisor of 6970 and 8585?
85
What is the greatest common divisor of 525097 and 229?
229
Calculate the highest common divisor of 4369 and 1462.
17
What is the greatest common factor of 29 and 713719?
29
What is the greatest common divisor of 143143 and 119?
7
Calculate the greatest common divisor of 153710 and 152.
38
Calculate the greatest common factor of 97340 and 1420.
20
What is the greatest common factor of 5024 and 21823?
157
What is the highest common factor of 125 and 28775?
25
Calculate the highest common factor of 1721930 and 3570.
1190
Calculate the greatest common factor of 22747 and 4343.
43
What is the highest common factor of 754 and 50882?
26
Calculate the highest common divisor of 304 and 865336.
152
Calculate the greatest common divisor of 1892 and 86516.
172
Calculate the highest common divisor of 171 and 6966.
9
What is the greatest common divisor of 4938 and 6?
6
Calculate the highest common divisor of 1374 and 231290.
458
What is the highest common factor of 81 and 521487?
9
Calculate the highest common factor of 43038 and 594.
54
Calculate the greatest common divisor of 122094 and 567.
189
Calculate the highest common factor of 61 and 481046.
61
What is the greatest common factor of 3780 and 554904?
756
What is the highest common divisor of 84 and 500160?
12
What is the highest common factor of 9 and 34542?
9
Calculate the highest common factor of 377700 and 24.
12
Calculate the greatest common factor of 26598 and 930.
186
Calculate the greatest common divisor of 1716 and 15886.
26
What is the highest common divisor of 1016 and 168?
8
What is the greatest common divisor of 2419 and 6844?
59
Calculate the greatest common factor of 17 and 10356485.
17
Calculate the greatest common divisor of 300018 and 31.
31
Calculate the highest common factor of 1517888 and 28416.
2368
Calculate the greatest common factor of 742 and 2016.
14
What is the highest common factor of 85 and 3545?
5
Calculate the highest common factor of 5 and 4405.
5
Calculate the greatest common divisor of 21 and 72324.
21
Calculate the greatest common divisor of 675954 and 612.
306
Calculate the greatest common factor of 1296 and 400592.
16
What is the highest common factor of 72 and 26?
2
What is the highest common factor of 32 and 271376?
16
Calculate the highest common divisor of 3720 and 7320.
120
What is the greatest common divisor of 390977 and 178?
89
Calculate the highest common divisor of 14214 and 96.
6
Calculate the highest common factor of 2464 and 91245.
77
Calculate the greatest common divisor of 21942 and 3074.
106
What is the greatest common factor of 9 and 381069?
9
Calculate the highest common divisor of 519245 and 1885.
145
Calculate the greatest common divisor of 374 and 8789.
187
Calculate the greatest common factor of 244400 and 28.
4
Calculate the highest common divisor of 58825 and 3575.
325
Calculate the greatest common factor of 400545 and 1.
1
Calculate the highest common divisor of 99 and 146619.
99
What is the highest common factor of 766 and 278058?
766
What is the greatest common divisor of 25 and 9802900?
25
Calculate the highest common factor of 1212092 and 73.
73
What is the greatest common divisor of 106 and 662235?
53
What is the highest common factor of 81 and 88353?
9
Calculate the greatest common divisor of 7587 and 540.
27
Calculate the greatest common factor of 1794 and 858.
78
What is the highest common factor of 384 and 17196?
12
Calculate the highest common factor of 330 and 1140.
30
Calculate the greatest common divisor of 108 and 67743.
27
Calculate the greatest common factor of 8385034 and 14.
14
Calculate the highest common factor of 426 and 1228371.
213
What is the greatest common divisor of 173810 and 35?
35
Calculate the highest common factor of 71780 and 111.
37
Calculate the greatest common factor of 11 and 523391.
11
Calculate the highest common factor of 306420 and 60.
60
Calculate the highest common divisor of 17149 and 22.
11
What is the highest common factor of 17741 and 29673?
157
Calculate the highest common factor of 3478 and 658.
94
Calculate the highest common factor of 764 and 3916646.
382
What is the greatest common divisor of 81 and 500013?
81
Calculate the greatest common factor of 810240 and 96.
96
What is the highest common divisor of 95678 and 66?
22
What is the greatest common factor of 1209 and 2435732?
403
Calculate the highest common divisor of 700624 and 8.
8
Calculate the highest common divisor of 859558 and 154.
14
What is the greatest common divisor of 1560 and 15288?
312
What is the greatest common factor of 26817 and 189?
21
What is the greatest common divisor of 3065 and 258686?
613
Calculate the highest common divisor of 169821 and 18.
9
What is the highest common divisor of 20094 and 408?
102
Calculate the greatest common factor of 1634880 and 7800.
1560
What is the highest common factor of 44 and 27928?
4
Calculate the highest common divisor of 318267 and 9.
9
What is the highest common factor of 2 and 160738?
2
Calculate the highest common factor of 2085 and 20925.
15
What is the highest common factor of 5825 and 225?
25
Calculate the highest common divisor of 7990 and 24480.
170
Calculate the highest common factor of 17125 and 59875.
125
What is the highest